{"id":2030,"date":"2020-11-22T15:53:36","date_gmt":"2020-11-22T15:53:36","guid":{"rendered":"https:\/\/xn--espaolito-o6a.es\/?post_type=encyclopedia&#038;p=2030"},"modified":"2021-11-22T21:59:19","modified_gmt":"2021-11-22T21:59:19","slug":"fernandez-tunon-nicolas","status":"publish","type":"encyclopedia","link":"https:\/\/xn--espaolito-o6a.es\/index.php\/encyclopedia\/fernandez-tunon-nicolas\/","title":{"rendered":"FERNANDEZ TU\u00d1\u00d3N (Nicol\u00e1s)."},"content":{"rendered":"<p><span style=\"font-weight: 400;\">De este escritor de la primera mitad del siglo XIX, absolutamente olvidado ya, muertos los que le conocieron y trataron, probablemente no tendr&iacute;amos rastros de su vida y su obra de no haber recogido algunos Fuertes Acevedo en su Biblioteca de escritores asturianos.<\/span><\/p>\n<p><span style=\"font-weight: 400;\">Fern&aacute;ndez Tu&ntilde;&oacute;n es un meritorio caso de autodidacta digno de recuerdo. Vida breve envuelta en una vaga imprecisi&oacute;n, vista en la penumbra de casi un siglo.<\/span><\/p>\n<p><span style=\"font-weight: 400;\">Nacido en Oviedo el 17 de septiembre de 1820. Sin haber recibido m&aacute;s luces intelectuales que las de la primera ense&ntilde;anza, que ser&iacute;a deficiente si nos atenemos a su modestisimo origen y al atraso de la &eacute;poca, ha podido formarse a s&iacute; mismo por nativa vocaci&oacute;n al estudio hasta brillar como escritor y conferenciante notable, dotado de pluma y palabra elocuentes e ilustradas.<\/span><\/p>\n<p><span style=\"font-weight: 400;\">Abandonada de muchacho la ciudad de nacimiento, de su rastro en las varias poblaciones donde ha residido no queda m&aacute;s recuerdo que el de algunas actividades suyas de periodista: en El Mosaico, de Vitoria; Los Misioneros, de Madrid, y otros varios peri&oacute;dicos de Zaragoza y Valencia.<\/span><\/p>\n<p><span style=\"font-weight: 400;\">Sus escritos, entre los que hay algunas bellas composiciones po&eacute;ticas, nos permiten descubrirle noblemente preocupado con la defensa moral y material de las clases humildes, y esto lo confirman luego sus actuaciones en Barcelona, poblaci&oacute;n donde residi&oacute; &uacute;ltimamente y donde ha dejado rastros m&aacute;s perdurables.<\/span><\/p>\n<p><span style=\"font-weight: 400;\">Vivi&oacute; en Barcelona no menos de un quinquenio desarrollando con notable fecundidad actividades de escritor en varias publicaciones, entre las que figuran La Verdad y El Barcelon&eacute;s, como poeta y Prosista. Al mismo tiempo actu&oacute; como organizador y elemento directivo de los obreros en favor de las vindicaciones sociales, sobre todo como secretario de la Asociaci&oacute;n Defensora del Trabajo Nacional y de la Clase Obrera. Este cargo le permiti&oacute; afirmar su prestigio de orador en varias ocasiones, de la cual dan testimonio dos de los trabajos anotados al final de esta informaci&oacute;n.<\/span><\/p>\n<p><span style=\"font-weight: 400;\">En el a&ntilde;o 1850 regres&oacute; a Oviedo, seguramente con el prop&oacute;sito de establecer aqu&iacute; su residencia definitiva, movido por la nostalgia y la poca salud que ven&iacute;a disfrutando, pero si tal fu&eacute; su deseo le result&oacute; fallido. Fund&oacute; en esa ciudad entonces el peri&oacute;dico democr&aacute;tico El Asturiano (segunda &eacute;poca), pero fracasada nuevamente esta publicaci&oacute;n y falto de ambiente para la difusi&oacute;n de su ideario social, regres&oacute; a Barcelona, donde un a&ntilde;o despu&eacute;s, el 25 de abril de 1851, dejaba de existir, malogr&aacute;ndose en &eacute;l a los treinta y un a&ntilde;os un escritor al que esperaba fama perdurable.<\/span><\/p>\n<p>&nbsp;<\/p>\n<p><strong>Obras publicadas en volumen:<\/strong><\/p>\n<p><span style=\"font-weight: 400;\">I.&mdash;Discurso pronunciado en la Asociaci&oacute;n Defensora del Trabajo Nacional y de la Clase Obrera, en la sesi&oacute;n del 7 de julio de 1849. (Barcelona, 1849; op&uacute;sculo en 4.&rdquo; de siete p&aacute;ginas.)&nbsp;<\/span><\/p>\n<p>&nbsp;<\/p>\n<p><strong>Trabajos sin formar volumen:<\/strong><\/p>\n<p><span style=\"font-weight: 400;\">1.&mdash;El exp&oacute;sito. (En La Verdad, Barcelona, 12 de junio de 1844; poes&iacute;a.)<\/span><\/p>\n<p><span style=\"font-weight: 400;\">2.&mdash;Discurso pol&iacute;tico-social, (En El Barcelon&eacute;s, Barcelona, 18 de febrero de 1848.)<\/span><\/p>\n<p>&nbsp;<\/p>\n<p><strong>Referencias biogr&aacute;ficas:<\/strong><\/p>\n<p><span style=\"font-weight: 400;\">Su&aacute;rez&nbsp; Espa&ntilde;olito (Constantino).&mdash;Asturianos de anta&ntilde;o. Vidas truncadas: Nicol&aacute;s Fern&aacute;ndez Tu&ntilde;&oacute;n. (En el Diario de la Marina, Habana, 1933.)<\/span><\/p>\n","protected":false},"author":3,"featured_media":0,"template":"","meta":{"_et_pb_use_builder":"","_et_pb_old_content":"","_et_gb_content_width":""},"categories":[],"class_list":["post-2030","encyclopedia","type-encyclopedia","status-publish","hentry"],"_links":{"self":[{"href":"https:\/\/xn--espaolito-o6a.es\/index.php\/wp-json\/wp\/v2\/encyclopedia\/2030","targetHints":{"allow":["GET"]}}],"collection":[{"href":"https:\/\/xn--espaolito-o6a.es\/index.php\/wp-json\/wp\/v2\/encyclopedia"}],"about":[{"href":"https:\/\/xn--espaolito-o6a.es\/index.php\/wp-json\/wp\/v2\/types\/encyclopedia"}],"author":[{"embeddable":true,"href":"https:\/\/xn--espaolito-o6a.es\/index.php\/wp-json\/wp\/v2\/users\/3"}],"wp:attachment":[{"href":"https:\/\/xn--espaolito-o6a.es\/index.php\/wp-json\/wp\/v2\/media?parent=2030"}],"wp:term":[{"taxonomy":"category","embeddable":true,"href":"https:\/\/xn--espaolito-o6a.es\/index.php\/wp-json\/wp\/v2\/categories?post=2030"}],"curies":[{"name":"wp","href":"https:\/\/api.w.org\/{rel}","templated":true}]}}

FERNANDEZ TUÑÓN (Nicolás).
