{"id":2578,"date":"2021-03-10T21:44:06","date_gmt":"2021-03-10T21:44:06","guid":{"rendered":"https:\/\/xn--espaolito-o6a.es\/?post_type=encyclopedia&#038;p=2578"},"modified":"2021-03-10T21:44:06","modified_gmt":"2021-03-10T21:44:06","slug":"jardon-alberto-francisco-y-gonzalo","status":"publish","type":"encyclopedia","link":"https:\/\/xn--espaolito-o6a.es\/index.php\/encyclopedia\/jardon-alberto-francisco-y-gonzalo\/","title":{"rendered":"JARDON (Alberto, Francisco y Gonzalo)."},"content":{"rendered":"<pre class=\"western\">V\u00e9anse en Fern\u00e1ndez Jard\u00f3n.<\/pre>\n","protected":false},"author":5,"featured_media":0,"template":"","meta":{"_et_pb_use_builder":"","_et_pb_old_content":"","_et_gb_content_width":""},"categories":[],"class_list":["post-2578","encyclopedia","type-encyclopedia","status-publish","hentry"],"_links":{"self":[{"href":"https:\/\/xn--espaolito-o6a.es\/index.php\/wp-json\/wp\/v2\/encyclopedia\/2578","targetHints":{"allow":["GET"]}}],"collection":[{"href":"https:\/\/xn--espaolito-o6a.es\/index.php\/wp-json\/wp\/v2\/encyclopedia"}],"about":[{"href":"https:\/\/xn--espaolito-o6a.es\/index.php\/wp-json\/wp\/v2\/types\/encyclopedia"}],"author":[{"embeddable":true,"href":"https:\/\/xn--espaolito-o6a.es\/index.php\/wp-json\/wp\/v2\/users\/5"}],"wp:attachment":[{"href":"https:\/\/xn--espaolito-o6a.es\/index.php\/wp-json\/wp\/v2\/media?parent=2578"}],"wp:term":[{"taxonomy":"category","embeddable":true,"href":"https:\/\/xn--espaolito-o6a.es\/index.php\/wp-json\/wp\/v2\/categories?post=2578"}],"curies":[{"name":"wp","href":"https:\/\/api.w.org\/{rel}","templated":true}]}}

<pre class="western">Véanse en Fernández Jardón.</pre>
