{"id":5452,"date":"2021-06-08T11:43:58","date_gmt":"2021-06-08T11:43:58","guid":{"rendered":"https:\/\/xn--espaolito-o6a.es\/?post_type=encyclopedia&#038;p=5452"},"modified":"2021-12-07T10:45:56","modified_gmt":"2021-12-07T10:45:56","slug":"menendez-de-luarca-y-arguelles-quinones-matias","status":"publish","type":"encyclopedia","link":"https:\/\/xn--espaolito-o6a.es\/index.php\/encyclopedia\/menendez-de-luarca-y-arguelles-quinones-matias\/","title":{"rendered":"MENENDEZ DE LUARCA Y ARG\u00dcELLES QUI\u00d1ONES (Mat\u00edas)"},"content":{"rendered":"<p align=\"justify\">Ingeniero de minas y escritor (aunque de muy escasa actividad en este aspecto) hermano del rese&ntilde;ado anteriormente. Nacido en Oviedo en el a&ntilde;o 1828, hijo de don Bartolom&eacute; Men&eacute;ndez de Luarca y Tineo y do&ntilde;a Juana Arg&uuml;elles Qui&ntilde;ones. Como a su hermano Dionisio, algunos autores le aplican indebidamente el apellido Avello en tercer lugar, como si fuese hermano de Alejandrino, del que era primo carnal.<\/p>\n<p align=\"justify\">Preparado en la ciudad de nacimiento para emprender una carrera e inclin&aacute;ndole su principal vocaci&oacute;n por las ciencias, decidi&oacute; seguir los estudios de ingeniero de minas, para lo que ingres&oacute; en la Escuela Especial de Madrid en 1845. Ya en posesi&oacute;n del correspondiente t&iacute;tulo facultativo y al servicio del estado, prest&oacute; servicios secundarios en las minas de Linares y de Almad&eacute;n hasta que en 1855 fue destinado a la Inspecci&oacute;n de Minas de Murcia, donde habr&iacute;a de echar los cimientos de su robusta personalidad.<\/p>\n<p align=\"justify\">Residente en Cartagena, pronto cont&oacute; con la empat&iacute;a y el respeto del vecindario por las bellas prendas personales que le adornaban y el cari&ntilde;o de los mineros, que le reconoc&iacute;an como un protector m&aacute;s que un jefe. De su capacidad profesional, cimentada en el constante estudio, dio espl&eacute;ndidas muestras en 1856 al introducir acertadas reformas en el lavado y concentraci&oacute;n de los terrenos romanos de la sierra cartagenera, consiguiendo elevar el rendimiento de plomo desde un seis a un setenta y seis por ciento. Del &eacute;xito alcanzado se hizo eco el peri&oacute;dico El cartagin&eacute;s, que tuvo para el ingeniero asturiano grandes elogios. Tambi&eacute;n en ese mismo distrito prest&oacute; importantes servicios p&uacute;blicos, ajenos a sus tareas profesionales, contando entre ellos especialmente haber formado parte de la comisi&oacute;n encargada en 1859 del nuevo trazado del ferrocarril que habr&iacute;a de enlazar a Cartagena con Murcia, corriendo bajo su direcci&oacute;n la parte del proyecto a trav&eacute;s de la sierra de Carrascoy.<\/p>\n<p align=\"justify\">En cuanto a su conducta con la poblaci&oacute;n minera, bastar&aacute; para comprender la raz&oacute;n de lo mucho que se le estimaba este hecho recogido en la rese&ntilde;a que le dedica el Diccionario enciclop&eacute;dico hispano-americano: &ldquo;En octubre del mismo a&ntilde;o (1859) &ndash; dice &ndash; salv&oacute; la vida con sus acertadas disposiciones a un infeliz minero que hac&iacute;a tres d&iacute;as estaba incomunicado en la mina consolaci&oacute;n a consecuencia de un hundimiento. Apenas lleg&oacute; este hecho a conocimiento de Luarca, se traslad&oacute; a la mina, emprendiendo una labor de avance a trav&eacute;s de los escombros, y haciendo desarmar el techo de una casa y de un lavadero de la mina para utilizar las maderas. Su impaciencia, ayudada de su vigorosa constituci&oacute;n, le impulsaron a tomar parte activa en los trabajos hasta conseguir arrebatar aquel desgraciado a una muerte segura&rdquo;.<\/p>\n<p align=\"justify\">Por esos mismos d&iacute;as de octubre de 1859 se le nombr&oacute; ayudante de la Escuela de Ingenieros de Minas, de Madrid, en la que dos a&ntilde;os despu&eacute;s se le design&oacute; profesor numerario de Geolog&iacute;a y Paleontolog&iacute;a, asignaturas de las que revel&oacute; profundos conocimientos que elevaron el nivel de ense&ntilde;anza.<\/p>\n<p align=\"justify\">Dotado de notable laboriosidad, en la misma escuela comparti&oacute; con las tareas exclusivamente docentes otras desarrolladas en los laboratorios. Entre ellas est&aacute; la clasificaci&oacute;n de m&aacute;s de dieciocho mil f&oacute;siles. Otra labor, acreditativa de su asturianismo, fue la dedicada al mejoramiento de la agricultura en la regi&oacute;n natal mediante an&aacute;lisis de tierras, abonos, aguas y vegetales. Tambi&eacute;n dedic&oacute; actividades al estudio t&eacute;cnico y administrativo de los manantiales de aguas minerales de Espa&ntilde;a. De todas &eacute;stas y otras cuestiones se sirvi&oacute; de la pluma con informes oficiales y estudio privados, desconoci&eacute;ndose el paradero de los respectivos manuscritos. Lo &uacute;nico de su labor de escritor que se ha salvado de esa p&eacute;rdida es el trabajo que se anota al final de esta informaci&oacute;n.<\/p>\n<p align=\"justify\">Al crearse en febrero de 1865 la Comisi&oacute;n Permanente de Geolog&iacute;a Aplicada, se le confiri&oacute; un puesto de vocal y se le encarg&oacute; especialmente el estudio de la cuenca carbon&iacute;fera de B&eacute;lmez y Espiel. Despu&eacute;s, en el mismo mes y a&ntilde;o se le design&oacute; jefe de la comisi&oacute;n encargada del estudio de las cuencas carbon&iacute;feras de Palencia, Le&oacute;n y Asturias.<\/p>\n<p align=\"justify\">Con fama ya de ge&oacute;logo eminente y cuando acariciaba proyectos que habr&iacute;an dado el m&aacute;ximo realce a su personalidad cient&iacute;fica, como el estudio e investigaci&oacute;n de la cueva de Congosto (Guadalajara) y otras inexploradas entonces, dej&oacute; de existir con s&oacute;lo treinta y ocho a&ntilde;os de edad, encontr&aacute;ndose enfermo de un c&aacute;ncer en el est&oacute;mago, el d&iacute;a 23 de abril de 1866.<\/p>\n<p align=\"justify\"><strong>Trabajos sin formar volumen:<\/strong><\/p>\n<p align=\"justify\">1.&ndash; Un art&iacute;culo (En la obra Refutaci&oacute;n de los art&iacute;culos remitidos que sobre minas ha publicado &ldquo;La Iberia&rdquo;, Madrid, 1854, de Ignacio G&oacute;mez de Salazar).<\/p>\n","protected":false},"author":5,"featured_media":6879,"template":"","meta":{"_et_pb_use_builder":"","_et_pb_old_content":"","_et_gb_content_width":""},"categories":[],"class_list":["post-5452","encyclopedia","type-encyclopedia","status-publish","has-post-thumbnail","hentry"],"_links":{"self":[{"href":"https:\/\/xn--espaolito-o6a.es\/index.php\/wp-json\/wp\/v2\/encyclopedia\/5452","targetHints":{"allow":["GET"]}}],"collection":[{"href":"https:\/\/xn--espaolito-o6a.es\/index.php\/wp-json\/wp\/v2\/encyclopedia"}],"about":[{"href":"https:\/\/xn--espaolito-o6a.es\/index.php\/wp-json\/wp\/v2\/types\/encyclopedia"}],"author":[{"embeddable":true,"href":"https:\/\/xn--espaolito-o6a.es\/index.php\/wp-json\/wp\/v2\/users\/5"}],"wp:featuredmedia":[{"embeddable":true,"href":"https:\/\/xn--espaolito-o6a.es\/index.php\/wp-json\/wp\/v2\/media\/6879"}],"wp:attachment":[{"href":"https:\/\/xn--espaolito-o6a.es\/index.php\/wp-json\/wp\/v2\/media?parent=5452"}],"wp:term":[{"taxonomy":"category","embeddable":true,"href":"https:\/\/xn--espaolito-o6a.es\/index.php\/wp-json\/wp\/v2\/categories?post=5452"}],"curies":[{"name":"wp","href":"https:\/\/api.w.org\/{rel}","templated":true}]}}

MENENDEZ DE LUARCA Y ARGÜELLES QUIÑONES (Matías)
