{"id":208,"date":"2020-05-01T08:40:38","date_gmt":"2020-05-01T08:40:38","guid":{"rendered":"https:\/\/xn--espaolito-o6a.es\/?page_id=208"},"modified":"2020-05-01T08:57:46","modified_gmt":"2020-05-01T08:57:46","slug":"florez-estrada-el-hombre-el-pensador-las-obras-referencias-bibliograficas","status":"publish","type":"page","link":"https:\/\/xn--espaolito-o6a.es\/index.php\/florez-estrada-el-hombre-el-pensador-las-obras-referencias-bibliograficas\/","title":{"rendered":"Fl\u00f3rez Estrada, el hombre, el pensador, las obras &#8211; Referencias bibliogr\u00e1ficas"},"content":{"rendered":"<p><strong>El tama\u00f1o del pdf es de 7MB<\/strong><\/p>\n<a href=\"\/?pdfemb-serveurl=https%3A%2F%2Fxn--espaolito-o6a.es%2Fwp-content%2Fuploads%2Fsecurepdfs%2F2020%2F05%2FFLOREZ-ESTRADA-REFERENCIAS-BIBLIOGRAFICAS.pdf\" class=\"pdfemb-viewer\" style=\"\" data-width=\"max\" data-height=\"max\" data-mobile-width=\"500\"  data-scrollbar=\"vertical\" data-download=\"off\" data-tracking=\"on\" data-newwindow=\"on\" data-pagetextbox=\"off\" data-scrolltotop=\"on\" data-startzoom=\"100\" data-startfpzoom=\"100\" data-download-nonce=\"70e60bb6c2\" data-disablerightclick=\"on\" data-toolbar=\"top\" data-toolbar-fixed=\"on\">FLOREZ ESTRADA REFERENCIAS BIBLIOGRAFICAS<br\/><\/a>\n","protected":false},"excerpt":{"rendered":"<p>El tama\u00f1o del pdf es de 7MB<\/p>\n","protected":false},"author":1,"featured_media":0,"parent":0,"menu_order":0,"comment_status":"closed","ping_status":"closed","template":"","meta":{"_et_pb_use_builder":"","_et_pb_old_content":"","_et_gb_content_width":"","footnotes":""},"class_list":["post-208","page","type-page","status-publish","hentry"],"_links":{"self":[{"href":"https:\/\/xn--espaolito-o6a.es\/index.php\/wp-json\/wp\/v2\/pages\/208","targetHints":{"allow":["GET"]}}],"collection":[{"href":"https:\/\/xn--espaolito-o6a.es\/index.php\/wp-json\/wp\/v2\/pages"}],"about":[{"href":"https:\/\/xn--espaolito-o6a.es\/index.php\/wp-json\/wp\/v2\/types\/page"}],"author":[{"embeddable":true,"href":"https:\/\/xn--espaolito-o6a.es\/index.php\/wp-json\/wp\/v2\/users\/1"}],"replies":[{"embeddable":true,"href":"https:\/\/xn--espaolito-o6a.es\/index.php\/wp-json\/wp\/v2\/comments?post=208"}],"version-history":[{"count":2,"href":"https:\/\/xn--espaolito-o6a.es\/index.php\/wp-json\/wp\/v2\/pages\/208\/revisions"}],"predecessor-version":[{"id":218,"href":"https:\/\/xn--espaolito-o6a.es\/index.php\/wp-json\/wp\/v2\/pages\/208\/revisions\/218"}],"wp:attachment":[{"href":"https:\/\/xn--espaolito-o6a.es\/index.php\/wp-json\/wp\/v2\/media?parent=208"}],"curies":[{"name":"wp","href":"https:\/\/api.w.org\/{rel}","templated":true}]}}