{"id":8238,"date":"2023-10-24T18:13:21","date_gmt":"2023-10-24T18:13:21","guid":{"rendered":"https:\/\/xn--espaolito-o6a.es\/?page_id=8238"},"modified":"2024-12-04T14:49:43","modified_gmt":"2024-12-04T14:49:43","slug":"la-des-union-hispanoamericana-y-otras-cosas","status":"publish","type":"page","link":"https:\/\/xn--espaolito-o6a.es\/index.php\/la-des-union-hispanoamericana-y-otras-cosas\/","title":{"rendered":"LA DES-UNI\u00d3N HISPANOAMERICANA Y OTRAS COSAS"},"content":{"rendered":"<p><strong>LA DES-UNI\u00d3N HISPANOAMERICANA Y OTRAS COSAS (1919)<br \/>\n<\/strong><\/p>\n<p><em>Recopilaci\u00f3n de varios art\u00edculos sobre la emigraci\u00f3n y las relaciones hispanoamericanas, impresos en El Diario Espa\u00f1ol y El Diario de la Marina de La Habana.<\/em><\/p>\n<hr \/>\n<a href=\"\/?pdfemb-serveurl=https%3A%2F%2Fxn--espaolito-o6a.es%2Fwp-content%2Fuploads%2Fsecurepdfs%2F2023%2F10%2FLA-DES-UNION-HISPANO-AMERICANA-1919.pdf\" class=\"pdfemb-viewer\" style=\"\" data-width=\"max\" data-height=\"max\" data-mobile-width=\"500\"  data-scrollbar=\"vertical\" data-download=\"off\" data-tracking=\"on\" data-newwindow=\"on\" data-pagetextbox=\"off\" data-scrolltotop=\"on\" data-startzoom=\"100\" data-startfpzoom=\"100\" data-download-nonce=\"6c48cb1c1f\" data-disablerightclick=\"on\" data-toolbar=\"top\" data-toolbar-fixed=\"on\">LA DES-UNION HISPANO-AMERICANA (1919)<br\/><\/a>\n","protected":false},"excerpt":{"rendered":"<p>LA DES-UNI\u00d3N HISPANOAMERICANA Y OTRAS COSAS (1919) Recopilaci\u00f3n de varios art\u00edculos sobre la emigraci\u00f3n y las relaciones hispanoamericanas, impresos en El Diario Espa\u00f1ol y El Diario de la Marina de La Habana.<\/p>\n","protected":false},"author":1,"featured_media":0,"parent":0,"menu_order":0,"comment_status":"closed","ping_status":"closed","template":"","meta":{"_et_pb_use_builder":"","_et_pb_old_content":"","_et_gb_content_width":"","footnotes":""},"class_list":["post-8238","page","type-page","status-publish","hentry"],"_links":{"self":[{"href":"https:\/\/xn--espaolito-o6a.es\/index.php\/wp-json\/wp\/v2\/pages\/8238","targetHints":{"allow":["GET"]}}],"collection":[{"href":"https:\/\/xn--espaolito-o6a.es\/index.php\/wp-json\/wp\/v2\/pages"}],"about":[{"href":"https:\/\/xn--espaolito-o6a.es\/index.php\/wp-json\/wp\/v2\/types\/page"}],"author":[{"embeddable":true,"href":"https:\/\/xn--espaolito-o6a.es\/index.php\/wp-json\/wp\/v2\/users\/1"}],"replies":[{"embeddable":true,"href":"https:\/\/xn--espaolito-o6a.es\/index.php\/wp-json\/wp\/v2\/comments?post=8238"}],"version-history":[{"count":2,"href":"https:\/\/xn--espaolito-o6a.es\/index.php\/wp-json\/wp\/v2\/pages\/8238\/revisions"}],"predecessor-version":[{"id":8285,"href":"https:\/\/xn--espaolito-o6a.es\/index.php\/wp-json\/wp\/v2\/pages\/8238\/revisions\/8285"}],"wp:attachment":[{"href":"https:\/\/xn--espaolito-o6a.es\/index.php\/wp-json\/wp\/v2\/media?parent=8238"}],"curies":[{"name":"wp","href":"https:\/\/api.w.org\/{rel}","templated":true}]}}